40 - -2255. Suppose 0 = 6*b - g - 209. What is the units digit of (b/24)/(3/12)?
9
Let q(d) be the first derivative of -d**4/4 - 23*d**3/3 - 37*d**2/2 - 4*d - 280. What is the thousands digit of q(-24)?
1
Let q(k) = -2717*k + 3461. What is the ten thousands digit of q(-8)?
2
Suppose 7*b - 4*l - 110497 = 85347, b + 4*l = 27964. What is the tens digit of b?
7
Suppose -3*d - 141 = -3*u, -2*u + d - 35 = -124. Let i(y) = 4*y**2 - 2*y + 10. Let x be i(7). Suppose -u - x = -2*k. What is the hundreds digit of k?
1
Let i(q) = -54*q - 1105. What is the hundreds digit of i(-36)?
8
Let s(w) = 5*w**3 - w**2 + w + 4. Let u be -32 - 2/4*(-3 + 1). Let x = u - -34. What is the hundreds digit of s(x)?
1
Let l = 0 + 548. Suppose l = -2*y + 1460. What is the units digit of y?
6
Suppose -9*b = -8*b - 9. Let x be 4/3 + (-1 - (-15)/b). Let t(k) = 32*k + 1. What is the units digit of t(x)?
5
Let u(g) = g**2 + 9*g - 27. Let b be u(-13). Let o = -21 + b. Suppose 3*h = 6*r - 3*r - 315, 3*h = o*r - 415. What is the units digit of r?
0
Suppose -5*m + 14 = -i - 2*m, 4*i - 5*m = -35. What is the tens digit of 56/140 + (-418)/i?
8
Let n be 42/(-5 - 2) - -16. Suppose n*s - 3*p = 5*s + 3934, -3*s + 5*p + 2354 = 0. What is the hundreds digit of s?
7
Let u be (-33)/(-22) - (-5)/2. Let m(q) = 3*q. Let p be m(5). Let t = p - u. What is the tens digit of t?
1
Suppose -15*r + 14*r = -4*u + 6511, 6536 = 4*u + 4*r. Suppose k = -3*z + 874, 0 = 4*k + 4*z - u - 1851. What is the tens digit of k?
6
Let i be 2/((-4)/(-50)*(-1 + 6)). Suppose h = 3*a - h - 368, i*a - h - 604 = 0. Let j = a + 89. What is the tens digit of j?
0
Suppose -5*n = 2*v - 12067, 10*n - 12070 = -2*v + 6*n. What is the thousands digit of v?
6
Let c(h) = -8*h - 201. Let o be c(-26). Suppose 12*x = o*x + 505. What is the tens digit of x?
0
Suppose 9 = 4*n - 15. Suppose 6*b - n = 4*b. Let y(j) = 25*j - 6. What is the units digit of y(b)?
9
Let b = -17211 - -48855. What is the tens digit of b?
4
Let v(t) = 79*t**2 - 7*t - 7. Let d be v(-5). Let x = d + -882. What is the units digit of x?
1
Suppose 44*w - 42*w = t - 2868, 0 = -w - 7. What is the thousands digit of t?
2
Suppose m + 4*q = -3, 3 = -2*m - 5*q - 0*q. What is the units digit of (3 - (m - -2)) + (6 - -241)?
7
Suppose 8*z = -33*z + 328. Let u(r) be the third derivative of -r**5/60 + 7*r**4/8 - 7*r**3/2 + r**2. What is the units digit of u(z)?
3
What is the tens digit of (92408 - 0 - 2)*(-102)/(-306)?
0
Let i = -9 + -274. Let k = i + 650. What is the units digit of k?
7
Let j(h) = 13*h + 5052. What is the tens digit of j(88)?
9
Let r be (16/10 + -2)/((-18)/180). Let n be (5/r)/(1/48). What is the units digit of n*(-4)/(-12)*2?
0
Suppose -2*c + 36975 + 20300 = -9*m, -2*m = -3*c + 85878. What is the ten thousands digit of c?
2
Let z(r) = 33*r**2 + 278*r - 42. What is the units digit of z(-20)?
8
Let h be 60/(-21)*(1 - 8). Suppose h*o = 16*o + 1580. What is the hundreds digit of o?
3
What is the tens digit of (-43575759)/(-1368) - 3/(-8)?
5
Suppose -4*q + 126 = 5*q. Suppose -l - 5*j = 18, -l = -6*l + j + q. Suppose 3*n - p - 203 = 0, -l*n = -n + p - 61. What is the units digit of n?
6
Let c(y) = -158*y + 247. What is the tens digit of c(-17)?
3
Let i = 22047 - 3680. What is the tens digit of i?
6
Let p = -42 - -80. Suppose -u - p = -x - 0*u, 2*x = u + 75. What is the units digit of -4*(x/(-4))/1?
7
Let y = 3651 + -2331. What is the units digit of y?
0
Suppose 12*a - 450 = 6*a. Suppose 77*g = a*g + 450. What is the hundreds digit of g?
2
What is the tens digit of 168/(-3 + -1)*(-51874)/148?
2
Suppose 701352 = -389*j + 406*j. What is the units digit of j?
6
Suppose -3*g + 0*g = -84. Let h = g - 26. Suppose -3*j + h*w = -748, 4*j + w - 6*w - 1009 = 0. What is the units digit of j?
6
Suppose g = 64*v - 68*v + 15133, 0 = g + 3. What is the thousands digit of v?
3
Suppose -41783 - 298537 = -80*i. What is the thousands digit of i?
4
Let x be (-2 + -2 - (-889)/(-7))*4. Let n = -265 - x. What is the hundreds digit of n?
2
Let q(a) = -a**3 + 14*a**2 + 30*a - 26. Let j(y) = -y**3 - 7*y**2 + y - 8. Let x be j(-4). Let p = x + 75. What is the units digit of q(p)?
9
Suppose 1265 = -14*c - 12049. Let m = 1486 + c. What is the units digit of m?
5
Let g(q) = -q**2 - 15*q - 12. Let s = -19 - -5. Let z be g(s). Suppose 48 = z*b + 3*a, 3*b = a - 3*a + 82. What is the units digit of b?
0
Suppose -13939 = -2*u - i, -2*u + 7*i + 15046 = 1115. What is the thousands digit of u?
6
Suppose -4*q + 13 = -5*d, 4 = -4*q + 12. Let k be ((-236)/16)/(d/4)*1. Suppose o - 7 = k. What is the tens digit of o?
6
Suppose 2*c + 2 = -2*l, 0 = -c - 0*c - 5. Suppose 43 = 4*f + 2*g - 3, 55 = l*f + 5*g. Suppose 96 = f*x - 4*x. What is the units digit of x?
6
Suppose 2*p + 0 = -f + 2, 5*p + f = 8. Suppose -p*n = -36 - 484. What is the units digit of n?
0
Suppose -31*a = -164493 - 208592. What is the units digit of a?
5
Suppose -j + 2 = 0, 0 = -3*a + 4*j + 11 + 2. Suppose a*i = 412 + 246. What is the tens digit of i?
9
What is the tens digit of (-5010675)/(-135) + (-45)/162*4?
1
Suppose -1835939 + 579760 = -217*p + 453781. What is the units digit of p?
0
Suppose 4097*g + 116460 = 4106*g. What is the hundreds digit of g?
9
Let c(f) = 19*f**2 - 33*f - 21. Let r be c(9). Let u = -724 + r. What is the units digit of u?
7
Let x = -76 - -60. Suppose -5*h + 26 = -2*b, -3*h + 7*h + 2*b - 10 = 0. Let v = h - x. What is the units digit of v?
0
Suppose -178*x = -2421411 + 487797. What is the units digit of x?
3
Let m = -2808 + 6154. Suppose 9274 = 12*b + m. What is the units digit of b?
4
Let r = 4742 - -1408. Suppose -17*k + r = 421. What is the units digit of k?
7
Let y = 111 + 332. Let a = y + -287. Let k = 391 - a. What is the tens digit of k?
3
Let q = -9508 + 24702. What is the hundreds digit of q?
1
Let q(d) be the first derivative of 17*d**2 - d - 17/3*d**3 - 1/4*d**4 - 11. What is the units digit of q(-19)?
5
Suppose -2*o + j + 7 = -1, -19 = -5*o + 2*j. Suppose -h - 5*c + 10*c = -161, 0 = -3*h - o*c + 537. What is the tens digit of h?
7
Let b be (-24 + 23)*(5067/3)/(-1). Suppose 10*o - b = 3121. What is the tens digit of o?
8
Suppose 4*i = h + 368279, 0 = 562*h - 558*h - 4. What is the hundreds digit of i?
0
Suppose 34*g - 228 = 28*g. Let l = 42 - g. What is the units digit of l + 0/4 - -121?
5
Suppose -76*a = 80*a + 12*a - 228816. What is the units digit of a?
2
Suppose 5*i + 336*f = 341*f + 24545, -i = f - 4907. What is the hundreds digit of i?
9
Suppose 0 = -3*o + 99 - 96. What is the hundreds digit of ((-11)/22)/(o/(-524))?
2
Let b = 35669 + -24679. What is the tens digit of b?
9
Let v be (-315)/(-7)*-37 + 0. What is the hundreds digit of (-48)/(-9)*v/(-20)?
4
Suppose 0 = -l - 3*k + 1, l + 3*k + 11 = 4*k. Let g(h) = 5*h - 9. Let m be g(l). Let f = m - -69. What is the units digit of f?
0
Let y(v) = -3*v**2 - 197*v + 198. What is the tens digit of y(-48)?
4
Suppose 3*v - 1 = 5*v + j, -5*v + 5*j + 5 = 0. Suppose v*d + 468 = 6*d. What is the units digit of d?
8
Suppose 63*x + 7 = 64*x. Let k(h) = 56*h + 27. What is the units digit of k(x)?
9
Let w(l) = 129*l - 114. Let f be w(10). Suppose -2*n + f = 4*u, 822 + 34 = 3*u - 5*n. What is the units digit of u?
2
Suppose 32 = 3*b - 7*b. Let j be 158 + -8*(-4)/b. Suppose 8*z - 134 = j. What is the tens digit of z?
3
Let r = 1809 + 1211. Let i = r + -2133. What is the tens digit of i?
8
Let f(q) = -396*q + 465. What is the ten thousands digit of f(-41)?
1
What is the thousands digit of ((-5410)/15)/((-6)/(-432)*-2)?
2
Suppose -583 = 5*k + 3*p, 4*k = -3*p - 55 - 412. Let g = k - -296. Let v = -121 + g. What is the units digit of v?
9
Let j = -143 + 148. Suppose -3*c = -c + g, -j*g - 5 = 5*c. What is the units digit of c?
1
Suppose -264 = -12*q - 0*q. Let h(j) = 2*j**2 - 18*j - 45. What is the hundreds digit of h(q)?
5
Let r be (-18)/198 - (-3290)/11. Suppose -m - 3*c + r = 77, -676 = -3*m - 4*c. What is the tens digit of m?
2
Let m(h) = -1 + 70 - 15 - 3*h. What is the hundreds digit of m(-17)?
1
Let w(v) be the second derivative of -v**4/12 + 19*v**3/6 + 25*v**2/2 + 13*v. Let t be w(18). Suppose 3*f - t = 134. What is the units digit of f?
9
Let w(z) = z**3 + 3*z**2 + z + 5. Let u be w(-3). Suppose -q + 2*s = -615, 0*q + 607 = q + u*s. What is the units digit of q?
1
Let